{"version":"1.0","provider_name":"Chic Riviera","provider_url":"https:\/\/chicriviera.com\/en","author_name":"Alex","author_url":"https:\/\/chicriviera.com\/en\/author\/alexben\/","title":"Monaco Classic Week-La Belle Classe, du 11 au 15 Septembre - Chic Riviera","type":"rich","width":600,"height":338,"html":"<blockquote class=\"wp-embedded-content\" data-secret=\"0KSapgFVWy\"><a href=\"https:\/\/chicriviera.com\/en\/2019\/09\/02\/14-eme-monaco-classic-weekend-the-class\/\">Monaco Classic Week-La Belle Classe, from September 11 to 15<\/a><\/blockquote><iframe sandbox=\"allow-scripts\" security=\"restricted\" src=\"https:\/\/chicriviera.com\/en\/2019\/09\/02\/14-eme-monaco-classic-weekend-the-class\/embed\/#?secret=0KSapgFVWy\" width=\"600\" height=\"338\" title=\"&quot;Monaco Classic Week-La Belle Classe, from 11 to 15 September&quot; - Chic Riviera\" data-secret=\"0KSapgFVWy\" frameborder=\"0\" marginwidth=\"0\" marginheight=\"0\" scrolling=\"no\" class=\"wp-embedded-content\"><\/iframe><script type=\"text\/javascript\">\n\/* <![CDATA[ *\/\n\/*! This file is auto-generated *\/\n!function(d,l){\"use strict\";l.querySelector&&d.addEventListener&&\"undefined\"!=typeof URL&&(d.wp=d.wp||{},d.wp.receiveEmbedMessage||(d.wp.receiveEmbedMessage=function(e){var t=e.data;if((t||t.secret||t.message||t.value)&&!\/[^a-zA-Z0-9]\/.test(t.secret)){for(var s,r,n,a=l.querySelectorAll('iframe[data-secret=\"'+t.secret+'\"]'),o=l.querySelectorAll('blockquote[data-secret=\"'+t.secret+'\"]'),c=new RegExp(\"^https?:$\",\"i\"),i=0;i<o.length;i++)o[i].style.display=\"none\";for(i=0;i<a.length;i++)s=a[i],e.source===s.contentWindow&&(s.removeAttribute(\"style\"),\"height\"===t.message?(1e3<(r=parseInt(t.value,10))?r=1e3:~~r<200&&(r=200),s.height=r):\"link\"===t.message&&(r=new URL(s.getAttribute(\"src\")),n=new URL(t.value),c.test(n.protocol))&&n.host===r.host&&l.activeElement===s&&(d.top.location.href=t.value))}},d.addEventListener(\"message\",d.wp.receiveEmbedMessage,!1),l.addEventListener(\"DOMContentLoaded\",function(){for(var e,t,s=l.querySelectorAll(\"iframe.wp-embedded-content\"),r=0;r<s.length;r++)(t=(e=s[r]).getAttribute(\"data-secret\"))||(t=Math.random().toString(36).substring(2,12),e.src+=\"#?secret=\"+t,e.setAttribute(\"data-secret\",t)),e.contentWindow.postMessage({message:\"ready\",secret:t},\"*\")},!1)))}(window,document);\n\/\/# sourceURL=https:\/\/chicriviera.com\/wp-includes\/js\/wp-embed.min.js\n\/* ]]> *\/\n<\/script>","thumbnail_url":"https:\/\/chicriviera.com\/wp-content\/uploads\/2019\/09\/38e64a9c-c55f-4324-8b4d-cb38dbe043c7-1.jpg","thumbnail_width":1500,"thumbnail_height":898,"description":"Depuis 1994, cette tr\u00e8s \u00e9l\u00e9gante biennale, organis\u00e9e par le Yacht Club de Monte-Carlo, qui a pour objectif de r\u00e9unir tous les bateaux d\u2019autrefois, petite et grande plaisance, nous montre une fois de plus l\u2019attachement ind\u00e9fectible de la Principaut\u00e9 \u00e0 la mer, ainsi qu\u2019au patrimoine maritime. Cette Ann\u00e9e, pour la 14 \u00e9me \u00e9dition, Denis Conner, quadruple [&hellip;]"}

Depuis 1994, cette très élégante biennale, organisée par le Yacht Club de Monte-Carlo, qui a pour objectif de réunir tous les bateaux d’autrefois, petite et grande plaisance, nous montre une fois de plus l’attachement indéfectible de la Principauté à la mer, ainsi qu’au patrimoine maritime. Cette Année, pour la 14 éme édition, Denis Conner, quadruple [&hellip;]
